 highest common divisor of 928 and 42163564?
116
Calculate the greatest common factor of 2864 and 1369552.
16
What is the greatest common factor of 40 and 30293580?
20
What is the highest common divisor of 391433 and 839909?
1967
Calculate the greatest common divisor of 35550752 and 348.
116
Calculate the greatest common factor of 7095 and 55119765.
645
What is the highest common divisor of 144 and 20268480?
48
What is the greatest common divisor of 8816 and 90383?
19
What is the greatest common divisor of 202295840 and 80?
80
Calculate the highest common factor of 360 and 1700055360.
360
Calculate the greatest common divisor of 1961098429 and 41.
41
Calculate the greatest common divisor of 37154940 and 375.
15
Calculate the highest common factor of 2579874 and 1254.
66
What is the greatest common divisor of 2278441 and 1892?
473
What is the highest common divisor of 8836640 and 60?
20
What is the highest common divisor of 277838 and 5579942?
346
Calculate the highest common factor of 17556 and 2848860.
1596
What is the greatest common divisor of 37128816 and 17?
17
What is the highest common divisor of 5058 and 5808832?
562
What is the highest common factor of 1560 and 59956260?
780
Calculate the greatest common factor of 284802 and 1470.
42
Calculate the greatest common divisor of 284 and 13068118.
142
Calculate the greatest common factor of 73447 and 53273.
11
Calculate the greatest common divisor of 480751 and 2848562.
4493
What is the highest common divisor of 894 and 595639420?
298
Calculate the greatest common factor of 173145 and 37349.
17
Calculate the greatest common divisor of 768996 and 6724.
164
What is the greatest common divisor of 60625 and 388388?
97
Calculate the highest common factor of 21 and 21412055.
7
Calculate the greatest common factor of 25443294 and 582.
582
Calculate the greatest common factor of 702 and 2431944.
54
Calculate the greatest common divisor of 2646 and 2065149.
27
Calculate the greatest common factor of 37825026 and 6.
6
Calculate the highest common factor of 29868 and 275766.
114
Calculate the greatest common divisor of 56158202 and 382.
382
Calculate the highest common factor of 1965419 and 1012.
23
Calculate the greatest common divisor of 1082818 and 839688.
1186
What is the greatest common factor of 544 and 5276834?
34
What is the greatest common divisor of 33 and 697232712?
33
Calculate the highest common divisor of 30 and 2651870.
10
Calculate the greatest common divisor of 608691 and 122478.
411
Calculate the greatest common divisor of 25 and 111192425.
25
What is the highest common factor of 18402072 and 558051?
13611
Calculate the greatest common divisor of 464994194 and 28.
14
What is the highest common factor of 270217 and 2?
1
What is the highest common factor of 816 and 122340432?
816
Calculate the greatest common divisor of 2850 and 19250040.
570
Calculate the highest common factor of 684 and 272331351.
171
What is the greatest common factor of 16 and 68908692?
4
Calculate the highest common divisor of 838703 and 538545.
223
What is the highest common factor of 55246112 and 128?
32
Calculate the greatest common factor of 5698 and 14290.
2
What is the greatest common divisor of 15378 and 331386?
66
Calculate the greatest common divisor of 160 and 9295490.
10
Calculate the highest common factor of 204276 and 155904.
348
Calculate the highest common factor of 56228748 and 18.
6
Calculate the highest common divisor of 48787720 and 5350.
1070
Calculate the greatest common divisor of 93696 and 118584.
1464
What is the greatest common divisor of 31714 and 6703168?
202
Calculate the greatest common divisor of 2735 and 28265.
5
What is the highest common divisor of 14300 and 3235075?
25
What is the greatest common divisor of 1949146 and 22762?
1198
Calculate the greatest common divisor of 106195767 and 7482.
3741
Calculate the highest common factor of 19344 and 12108.
12
Calculate the highest common factor of 56228 and 2596.
4
What is the highest common divisor of 132 and 150885504?
132
What is the greatest common factor of 410 and 1218505?
5
What is the greatest common factor of 1227 and 1003566163?
409
What is the highest common factor of 4204032 and 25568?
544
Calculate the greatest common divisor of 36 and 25866261.
9
What is the greatest common factor of 799 and 44958931?
799
Calculate the greatest common factor of 2354780 and 18855.
2095
What is the highest common divisor of 99 and 4323693?
33
What is the greatest common factor of 2997 and 2541537?
81
Calculate the highest common divisor of 1475705 and 1210.
55
What is the greatest common divisor of 714672 and 61824?
336
Calculate the highest common factor of 549136 and 231728.
112
What is the greatest common factor of 741422 and 871?
67
What is the highest common factor of 1536531795 and 290?
145
What is the greatest common factor of 118 and 15342773?
59
What is the greatest common factor of 1515 and 168945?
15
What is the highest common factor of 1626 and 1619328?
6
Calculate the highest common factor of 275 and 963523.
11
Calculate the greatest common divisor of 298850 and 74461466.
11954
Calculate the greatest common factor of 22140 and 36941820.
2460
Calculate the greatest common divisor of 1190 and 1931608.
238
Calculate the greatest common divisor of 85391629 and 22933.
1207
Calculate the greatest common factor of 444185680 and 80.
80
Calculate the highest common divisor of 874 and 1058966.
46
What is the greatest common factor of 139968 and 62840448?
5184
Calculate the greatest common divisor of 345 and 1420890.
15
Calculate the greatest common factor of 301 and 2622699.
43
Calculate the highest common factor of 41209884 and 69012.
972
Calculate the highest common divisor of 17 and 318943953.
17
Calculate the highest common factor of 144024 and 1258.
34
Calculate the greatest common factor of 455421 and 548700.
5487
What is the greatest common divisor of 1002626 and 9146?
34
Calculate the highest common factor of 600 and 564396.
12
Calculate the greatest common divisor of 1233980 and 1980.
220
What is the greatest common divisor of 15319720 and 4940?
260
Calculate the highest common divisor of 2077165 and 423.
47
Calculate the highest common factor of 856 and 101305888.
856
What is the greatest common divisor of 387744 and 5576928?
672
What is the highest common divisor of 63411846 and 1812?
906
What is the greatest common factor of 92831726 and 319?
29
Calculate the highest common divisor of 72481731 and 8232.
1029
What is the highest common factor of 2660 and 19820990?
1330
Calculate the greatest common divisor of 70 and 429696610.
70
Calculate the highest common divisor of 15651 and 470.
47
What is the greatest common divisor of 4703699 and 273?
91
What is the greatest common divisor of 2599 and 13339?
1
Calculate the highest common factor of 1492821279 and 621.
621
Calculate the greatest common factor of 169505 and 394835.
1015
What is the greatest common factor of 32620762 and 4462?
46
Calculate the highest common factor of 2878225194 and 186.
186
Calculate the highest common factor of 175154844 and 123063.
7239
Calculate the highest common factor of 728792 and 712.
8
What is the highest common factor of 713685 and 33285?
105
Calculate the greatest common factor of 2607 and 15998290.
869
What is the highest common divisor of 682383 and 78?
39
Calculate the greatest common divisor of 54126 and 503721.
873
Calculate the highest common factor of 72 and 4599312.
24
Calculate the greatest common divisor of 83879 and 2806546.
2267
What is the greatest common factor of 32690223 and 3240?
81
What is the greatest common divisor of 2327 and 389311?
13
Calculate the greatest common divisor of 3023 and 28715477.
3023
What is the greatest common divisor of 18125 and 19630000?
625
What is the highest common divisor of 394448 and 82592?
1424
What is the highest common factor of 1169 and 72155022?
167
What is the highest common factor of 6816 and 239080288?
2272
What is the greatest common factor of 27 and 11600010?
27
Calculate the greatest common factor of 3074990 and 380.
10
What is the greatest common factor of 1557 and 3740779?
173
What is the greatest common factor of 203320 and 785876?
884
What is the greatest common factor of 13 and